t is -226130 - 1?
-226131
In base 8, what is 34326 + -25?
34301
In base 9, what is 5 - -140675?
140681
In base 6, what is -1 - 32254?
-32255
In base 7, what is 12 - 26525?
-26513
In base 7, what is 0 + -35452?
-35452
In base 12, what is -707 - -7a?
-649
In base 15, what is 3d + 1ecb?
2019
In base 3, what is 121200210 + 1?
121200211
In base 8, what is -3 - -276735?
276732
In base 6, what is 1222241 + -353?
1221444
In base 6, what is 410 - -105343?
110153
In base 3, what is -122 - 2110110?
-2111002
In base 10, what is -1400 + 14?
-1386
In base 2, what is -100 + 10101101110011010?
10101101110010110
In base 12, what is 0 - -16802?
16802
In base 2, what is 10111001 + 10010000?
101001001
In base 16, what is 6 + 144d?
1453
In base 8, what is -430 - 166?
-616
In base 7, what is -1346 - 624?
-2303
In base 14, what is -1b - 12a?
-147
In base 13, what is 3675 + -1b?
3657
In base 2, what is 111 - -1100101001000?
1100101001111
In base 10, what is -42388 - -4?
-42384
In base 16, what is -12 + 43af?
439d
In base 4, what is 1313 + -11302203?
-11300230
In base 2, what is 101010 + -1000000000?
-111010110
In base 14, what is -81 + 83?
2
In base 10, what is 8411 - 5?
8406
In base 10, what is -3 + 12225?
12222
In base 3, what is -20120112 + -1?
-20120120
In base 3, what is -100010 + 2121?
-20112
In base 10, what is 9 + 5834?
5843
In base 15, what is -ec + 3a?
-b2
In base 12, what is 3 + -10380?
-10379
In base 5, what is -2340002 + -1?
-2340003
In base 3, what is -2012 - 201212020?
-201221102
In base 10, what is 49 + -4850?
-4801
In base 9, what is -2 + -32382?
-32384
In base 11, what is 323448 + 3?
323450
In base 4, what is -10021 - -210?
-3211
In base 10, what is 23032 - 8?
23024
In base 13, what is -59 - a5b8?
-a644
In base 7, what is 1 - -2266434?
2266435
In base 4, what is 301 + 302033?
303000
In base 7, what is 5 - 66305?
-66300
In base 16, what is -59c + -10?
-5ac
In base 13, what is -25c - -762?
503
In base 15, what is a - -63a0d?
63a18
In base 5, what is -4330 + 132?
-4143
In base 11, what is -200007 + -2?
-200009
In base 4, what is -3 - 112032333?
-112033002
In base 5, what is -102 + 201034?
200432
In base 2, what is 111 - 1011000010101000?
-1011000010100001
In base 15, what is -1ab + -19?
-1c5
In base 8, what is 21275 + -7?
21266
In base 3, what is 101 - 10102100210?
-10102100102
In base 8, what is 7670 + -1?
7667
In base 10, what is -37 - 137?
-174
In base 6, what is -20 - -240215?
240155
In base 9, what is 1116370 + 2?
1116372
In base 3, what is 212 + 2212211?
2220200
In base 11, what is 103754 - 0?
103754
In base 5, what is 34 - -200?
234
In base 11, what is 15527 + -50?
15487
In base 16, what is -2 + -c0d4?
-c0d6
In base 9, what is -488167 - 0?
-488167
In base 8, what is 33 + 36764?
37017
In base 13, what is 47 + -447?
-400
In base 4, what is 11 - 1320132?
-1320121
In base 6, what is -1312305 - -4?
-1312301
In base 14, what is 19dc9 - -5?
19dd0
In base 3, what is -222011112 - 1022?
-222012211
In base 5, what is -20120 - -121?
-14444
In base 11, what is 3767a3 + 2?
3767a5
In base 5, what is -10 - -1332223?
1332213
In base 6, what is 10545 - 5?
10540
In base 7, what is 461 - 13?
445
In base 14, what is 169 + 433?
59c
In base 12, what is -2a + -2604?
-2632
In base 7, what is -34235446 - -4?
-34235442
In base 8, what is -1 - -5174030?
5174027
In base 8, what is -3123 + 11?
-3112
In base 14, what is 1a5 - -83?
248
In base 16, what is 5 + -2c660?
-2c65b
In base 7, what is -1 - -15010?
15006
In base 10, what is 161 - 282?
-121
In base 2, what is -101001010110001 + -1001?
-101001010111010
In base 11, what is -47376 - -9?
-47368
In base 10, what is -3 + -56738?
-56741
In base 14, what is -2 + -5c301?
-5c303
In base 6, what is 35 - -4152?
4231
In base 7, what is -5 + 46161?
46153
In base 16, what is 31e2 + 23?
3205
In base 9, what is 3 - 248641?
-248637
In base 10, what is 430982 - 2?
430980
In base 11, what is 0 + 5517?
5517
In base 6, what is 4111 - 152?
3515
In base 14, what is -5163c - -1?
-5163b
In base 11, what is 4 - -116a8?
11701
In base 4, what is 323 - -230?
1213
In base 12, what is -1 + 3bb5?
3bb4
In base 10, what is -22 - 3007?
-3029
In base 14, what is -3 - -9a92?
9a8d
In base 9, what is 42586 + -1?
42585
In base 8, what is 271 - 50?
221
In base 12, what is -a - 808?
-816
In base 12, what is -332 - 11bb?
-1531
In base 9, what is -1245161 + 1?
-1245160
In base 3, what is 12112102211 - 10?
12112102201
In base 2, what is -100100100110000100110 + -100?
-100100100110000101010
In base 8, what is -1 - -23133?
23132
In base 15, what is -65 - 14b5?
-152a
In base 5, what is -2012 - -42000?
34433
In base 8, what is -302424 + -1?
-302425
In base 10, what is -9432 + 8?
-9424
In base 13, what is 2217 - 60?
2187
In base 13, what is -473 - -2b6?
-18a
In base 5, what is -3 - -13401341?
13401333
In base 12, what is -4 + 293773?
29376b
In base 3, what is -1 - 211?
-212
In base 4, what is -12121 - 3210?
-21331
In base 8, what is 110234 + -1?
110233
In base 4, what is 2321 + -11001?
-2020
In base 3, what is -10011222211 - 0?
-10011222211
In base 7, what is 2633431 - -2?
2633433
In base 11, what is 98859 - -25?
98883
In base 12, what is 2 - 6981?
-697b
In base 9, what is -432 + 1608?
1166
In base 7, what is 356442 + 41?
356513
In base 15, what is 45 - -29c?
2e2
In base 3, what is 12002201 + 1?
12002202
In base 4, what is 103010 + -21?
102323
In base 5, what is 10 + -44103243?
-44103233
In base 5, what is -10 - 41202?
-41212
In base 14, what is -27 - 3876?
-389d
In base 8, what is -3322 + -53?
-3375
In base 2, what is -1101000111011001 - 111110?
-1101001000010111
In base 16, what is -219cb - 1?
-219cc
In base 16, what is 419fe - -1?
419ff
In base 2, what is -1111010 + 101100010111?
101010011101
In base 5, what is 1341302 - 1001?
1340301
In base 3, what is 1100 - 112101000?
-112022200
In base 11, what is -2524 + -469?
-2992
In base 14, what is 3843 - -6?
3849
In base 7, what is 3144353 + 1?
3144354
In base 7, what is -262155 + -41?
-262226
In base 2, what is -1011110010110 - 10?
-1011110011000
In base 9, what is -3 + -11753?
-11756
In base 9, what is -1714721 - 0?
-1714721
In base 13, what is -5bb3 - 3?
-5bb6
In base 2, what is -111100100 + -100110101?
-1100011001
In base 14, what is 0 + 6bc8?
6bc8
In base 12, what is 16 - 14610?
-145b6
In base 16, what is -1e9 + 117?
-d2
In base 2, what is 10100010101011011 - 100?
10100010101010111
In base 8, what is -7 - -47002?
46773
In base 4, what is -11010110100 - 10?
-11010110110
In base 11, what is -2 - 1a78a4?
-1a78a6
In base 8, what is -1251 - 413?
-1664
In base 16, what is 78be + -4?
78ba
In base 16, what is 1 - db9c?
-db9b
In base 11, what is -7240a0 - -5?
-724096
In base 4, what is -2123 + -1201211?
-1210000
In base 12, what is -13b789 + -2?
-13b78b
In base 15, what is a4e - 56?
9e8
In base 9, what is -2 + 85812?
85810
In base 5, what is -2 + -3003221?
-3003223
In base 10, what is -1960442 + 3?
-1960439
In base 11, what is 17 + 85062?
85079
In base 15, what is 82 + 8215?
8297
In base 6, what is 2 - 21211535?
-21211533
In base 16, what is 2 + -1043e?
-1043c
In base 16, what is c42 + a?
c4c
In base 9, what is 3 + -676311?
-676307
In base 4, what is 2 - -1031230?
1031232
In base 16, what is 353de + -4?
353da
In base 15, what is a + -56c?
-562
In base 2, what is 10000000010111001 + 10?
10000000010111011
In base 5, what is 101 - -3220?
3321
In base 15, what is 7e3eb - -5?
7e401
In base 4, what is -131 + -10111103?
-10111300
In base 2, what is 101 + -10001101010?
-10001100101
In base 5, what is -323 + -10004?
-10332
In base 4, what is -1033 - 23130?
-30223
In base 16, what is 2ee62 - 6?
2ee5c
In base 11, what is -4 + 2a2a?
2a26
In base 4, what is 132103301 - 10?
132103231
In base 14, what is 4 + -7c3?
-7bd
In base 14, what is -119420 + 0?
-119420
In base 8, what is 42502 - 27?
42453
In base 14, what is -39b058 - -2?
-39b056
In base 12, what is -1b - -12a927?
12a908
In base 7, what is -532 - 3533?
-4365
In base 9, what is -613503 - 8?
-613512
In base 16, what is -1255 + -1df?
-1434
In base 7, what is 11 + -46?
-35
In base 9, what is 1601 + 15?
1616
In base 15, what is -b7 + 33?
-84
In base 15, what is e3 - 221?
-12d
In base 5, what is -3113 + -1100?
-4213
In base 7, what is 46 - -4200?
4246
In base 11, what is 149 - -692?
830
